50 - 51 - (1 - -9))
23
What is the value of -15 + (-22 - -20) + -5 + 66?
44
138 + -104 - 82 - (-2 - -4 - 16)
-34
Calculate 11 - -22 - (49 - (30 - -1)).
15
Evaluate -84 + 125 + (-74 - -61).
28
Evaluate -2 + 21 - (-30 - (-2 - (23 - 0))).
24
What is the value of (10 - 15) + 45 + -3 + 10?
47
Calculate 0 - 24 - (1322 - 1273).
-73
Evaluate 23 + -8 + -50 + -7 + -1 + -3.
-46
4 + -53 - (46 + 5 + -62)
-38
What is the value of -3 + (32 + -7 - 15) + 2 + 0?
9
Calculate -1 + 7 + (16 + -19 - (47 - 53)).
9
Calculate 11 - (-2 - -1) - ((-85 - -30 - -149) + -17).
-65
Evaluate 81 + (-11 - -16 - 50).
36
Evaluate 43 - (8 + -7 + -5 + 13 + -1).
35
What is the value of 136 - 170 - (5 - (-6 + 9 + -1) - 3)?
-34
What is the value of -1 + -12 + (-34 + 26 - -31)?
10
What is the value of -58 + 23 - (-58 + 17)?
6
What is the value of -20 + -7 + 11 + 8 + -5 + 2?
-11
What is 2 + (-2 + 2 - (-54 + 58 + 7))?
-9
What is 19 - (-14 - (-3 + -6) - (2 - 100))?
-74
Calculate -4 + 16 + -18 + 22 + -23 - -10.
3
What is the value of (-8 - 10) + 52 - (-24 - (4 + -17))?
45
What is the value of (22 - -28) + -19 - 14?
17
Evaluate 52 + -1 + (-2443 - -2371).
-21
Calculate (-10 - (-1 - 8)) + 36 - (10 + 2).
23
What is -29 + 20 - (-6 - -7 - 4) - (4 - 4)?
-6
What is (-8 + 2 - 0) + (73 - 29)?
38
What is 8 - 1 - -2 - (256 + 30 - 397)?
120
Calculate -59 + 56 + -10 + 12.
-1
What is the value of -34 + (-48 + 19 + -5 - -39) + (5 - 0)?
-24
Evaluate (8 - (2 - -7 - 29 - -9)) + 52.
71
Calculate (-1 - 77) + (267 - 198).
-9
((38 - 20) + -36 - (2 - 102)) + (11 - 2)
91
What is the value of 23 + (-6 - 4) - (-104 + 154)?
-37
Calculate 40 - (-151 - -146 - (-2 + 1 + 4)).
48
Evaluate -285 - (-72 - (-20 + 107)).
-126
What is 1 + -2 + 87 + (-44 - 71)?
-29
Evaluate -195 + 132 + (42 - 87).
-108
What is 73 + -84 + -90 + 62?
-39
Calculate -51 + 1 + -71 + 99 + -28.
-50
What is (-2 - -6 - 96) + 23 + 4 + -15?
-80
Evaluate 90 - (86 - -47 - -18).
-61
-5 - ((-2 - (1 - 68)) + (51 - 62)) - 5
-64
Evaluate -65 + -45 + 20 + 11 - (1 - -2 - 4).
-78
What is 1869 + -1881 - ((54 - (0 - -3)) + -2)?
-61
What is the value of -1378 + 1325 - (-1 + 14)?
-66
Evaluate -22 + 42 - 14 - (-1 - 13).
20
What is (4 - 17) + (-147 - -200) + (0 - 12)?
28
What is the value of -32 - -40 - ((1 - 1 - -4) + 56) - 3?
-55
What is -30 + (73 - 32 - -38)?
49
Calculate (52 - 58) + -31 + (-11 - (5 + (-13 - -3))).
-43
Evaluate (-486 - -549) + 10 + -124.
-51
8 + 6 - ((26 - 43) + 15)
16
(-47 + 5 + 32 - 5) + 51
36
Evaluate (-45 - (4 - -1 - 30)) + -1 + -6.
-27
(85 - ((-4 - 4) + 8) - 17) + 7 + -1
74
Calculate (-45 - (0 + -17 + -17)) + 77.
66
Evaluate -3 + -4 - 2 - 6 - (-19 + (2 - -20)).
-18
What is (6 - 13 - -83) + -10 + -13?
53
What is the value of -77 - (-8 + -40) - -29?
0
What is -2 + (67 + -58 - (3 + 1)) - -15?
18
Calculate -6 + 11 + 8 + -7 + -2 + -6 - 33.
-35
What is the value of -2 + (-60 - 7 - 4) - (1 + -19)?
-55
Evaluate -53 - -2 - (-2305 - -2227).
27
What is the value of -40 + 51 + 5 + -2 + -8 + -16?
-10
-43 - 0 - (-1332 - -1288) - (-1 - 26)
28
0 - -1 - 1 - (-181 - (54 + -247))
-12
Evaluate 17 + (-14 - -5) - (24 + 46 - -25).
-87
Calculate -108 + (-9 - -110) - -128.
121
Calculate 88 - (70 + (-84 - -73)).
29
What is the value of 0 + (-20 - (-24 - -13)) - -16?
7
What is -52 + -25 - (-17 - 125)?
65
What is the value of (1 - (36 + 0)) + (79 - 497) + 427?
-26
What is the value of ((96 - 99) + (2 - 42) - -11) + -8?
-40
Calculate -10 + -2 + -17 + -11 + 38 - -8.
6
-7 + -11 + 7 + 20 + 4 - (0 + -7)
20
-4 - (7 + (-1 - (-3 - -2)) - (955 - 914))
30
Evaluate 9 - 86 - -4 - (-67 - -48).
-54
Evaluate (-1 + 7 + 4 - 77) + (14 - 28).
-81
Evaluate 15 + 1 + (-8190 - -8269).
95
Calculate (13 - -1) + -6 - (-17 + -64 - 24).
113
What is (-79 - -110) + -39 + (6 + -3 - -57)?
52
What is the value of (43 - 33) + 14 - 41 - (-24 + 1)?
6
What is -158 - (162 + -290) - (-1 + 83)?
-112
What is 12 - (50 - (3 - -3))?
-32
-18 + 6 + -18 + 4 + 3
-23
-43 - (-4 - -4) - (-1146 - -1126)
-23
-5 + 3 + (71 - 24 - 45)
0
Evaluate -31 + 11 + -60 + 132.
52
-2 - (443 + -487 - (0 + -12))
30
What is 70 - (66 + -47) - (12 - 0)?
39
What is -13 + 17 + -19 + (0 - -5)?
-10
(-6 - -14 - (7 - -5)) + 10 - 31
-25
What is the value of (15 - (18 + -13)) + (-48 + -1 - -6)?
-33
What is 9 + (32 - (48 - 25) - (3 + 0))?
15
-3 + 2 - -3 - (-15 + -14) - 6
25
Calculate (-1 - -9) + -60 + (247 - 226).
-31
What is -52 - (-7 + 11) - (-9 - (16 - 22))?
-53
Calculate 7 + -1 - (5 + 4 + 0 + -77 + 7).
67
What is -41 + 24 + -41 + 45?
-13
Evaluate (-2 - (-2 - -8)) + (-2 - (-4 + 0)) - -2.
-4
What is the value of -1 - (-16 + (22 - 7 - (-2 - -3)) + -125)?
126
What is the value of 40 - ((3 + -2 - (-17 + (21 - 11))) + -5)?
37
29 + -4 + (36 - (-83 + 104))
40
What is the value of 1 + -183 + 197 + (0 - 70)?
-55
Evaluate (22 - 87) + 165 - 84.
16
Calculate (-12 + 19 - (5 + 4) - -6) + -39 + 8.
-27
Evaluate -74 - -33 - (169 - 222).
12
What is the value of (-38 - ((-47 - -20) + 7)) + -27?
-45
(0 - -6) + (-3 - 78 - (-17 - -2))
-60
-11 + -2 + 4 + (104 - 102) + 68
61
What is (-22 - -52) + -358 + 418?
90
Evaluate -1 + -6 - ((30 - 14 - 4) + 0 + -8).
-11
-109 - (-23 - -15) - (-7 - 0 - 9) - -5
-80
What is the value of 0 - -8 - (6 + -8) - (73 + (61 - 133))?
9
What is the value of (-9 + 6 + 2 - (-57 - 0)) + 146 + -137?
65
What is (44 - (3 - 4)) + 4 + -4 + 12 + -10?
47
What is the value of 14 + -38 + (-33 - -9)?
-48
What is the value of 10 + (18 - (-60 + 23))?
65
Calculate 17 - 14 - (-987 - -938).
52
Calculate 537 + -596 - (16 + (-3 - 1) + 1) - 2.
-74
What is 3 + (-3 - 2) + 0 - (-130 + 206 + -113)?
35
What is the value of 2 - 55 - (-12 + 12 - 22)?
-31
(-1317 - -1363) + -1 + -14
31
What is the value of 11 + 188 + -184 + (-1 - -24)?
38
Evaluate (-201 + 101 - -112) + (-2 - 30).
-20
What is the value of -38 - (101 - -16 - 142)?
-13
What is the value of -23 + (12 - -3) - (-9 + 6)?
-5
What is the value of (-10 - 3) + (-72 - -58) + 3 + -3 + -3?
-30
Evaluate (-14 - (8 + -10)) + 12.
0
Evaluate -13 + (14 - -12 - -9 - -5) + 8.
35
(-115 - -72) + -18 - (-1 - -28)
-88
Calculate -40 - ((8 - (1 + 2)) + -8 + 10 - 15).
-32
(713 + -714 - (5 + -1 - -3)) + (83 - -3)
78
Evaluate -13 + -8 - 20 - (-17 + 26).
-50
Evaluate 2 + -18 + -13 + -35 + 65.
1
What is (37 - (15 + -35 + 26)) + -29?
2
Evaluate -26 + (-19 - -19) + 39.
13
Calculate 345 + -310 - (-31 + 10).
56
What is -18 + 17 + 75 - (219 - 178)?
33
-10 + -23 + 11 + 43
21
Calculate -26 - -26 - (-6 + (-2 - 1 - -10)) - 10.
-11
What is 10 + 0 + 159 + (-278 - -126)?
17
Evaluate 26 - (-11 + (-16 - -22)) - (16 + -3).
18
Calculate -5 + (-2 - (-48 + 54)).
-13
Evaluate -8 - (31 + 16 - -6).
-61
Evaluate 44 + -5 + -35 - (13 + -4 - -1).
-6
Evaluate 0 - (-4 + -49) - (-7 + (18 + -7 - 0)).
49
0 + (-4 - (-14 - -4)) - (-51 + 15)
42
What is the value of -2 + (-50 - -104) - 81?
-29
Evaluate 17 + -9 + 2 + 1 + (7 - (-8 - 44)).
70
What is (-65 - -67) + (7 + -22 - (3 - 114))?
98
What is the value of (24 - 36) + 10 - -20 - (-3 - 4)?
25
-119 - (44 + -76 - -59 - 49)
-97
Evaluate (-62 - -57) + -10 + (-2 - 9).
-26
What is 10 - (41 - 0) - -19 - (-64 - -1)?
51
-15 + (-14 - -11) + 21
3
Calculate 18 + (-12 + 0 - -18) + 21.
45
Calculate (868 - 857) + (-2 - -17).
26
What is -27 - ((-2 + -4 - -12) + 4 + -2)?
-35
What is -86 - -2 - (45 + -1 + (-5675 - -5624))?
-77
Calculate 0 - -73 - 165 - 17.
-109
-62 - (3 - (54 + -63))
-74
Evaluate 5 + (-12 - ((82 - 36) + -36)).
-17
Calculate -20 - (40 + -24 + -73) - 18.
19
(-41 - (-116 - -75)) + -22
-22
What is 12 - ((-7 - 7) + 19) - (-33 + (2 - 4))?
42
(-5 + -3 - -21) + 55 + -9
59
What is 20 + -31 + 26 + -84?
-69
Calculate 2 - 15 - (-11 + (-9 - (-27 + 6 + -3))).
-17
Evaluate -62 - (-53 - 23 - 44).
58
What is -23 - (-93 + 30 + (-21 - 0))?
61
What is (-2 - -1 - 2) + (362 - 25) + -285?
49
-8 + 0 + (-94 - ((12 - 47) + 18))
-85
5 + -32 + -145 - (-49 + 9)
-132
(-43 - -40) + 50 + -40 + (2 - 9)
0
(51 - 13) + (-38 - -21) - 106
-85
What is the value of (-60 - 1) + 1 + 30 + -40 + -11 + 28?
-53
What is the value of (96 - 48) + -51 + -10?
-13
What is (51 - 16) + -7 + 3 + -5?
26
10 - ((-1 - 148) + 36 + 42)
81
What is -203 + 77 - (-70 - -32)?
-88
What is the value of 103 + -92 + 5 + (-5 - -36)?
47
What is the value of 36 - ((-99 - -92) + (2 + -2 - (-8 - 0)))?
35
What is the value of 0 - (-3 - (-1 - 1)) - (-87 + (172 - -45))?
-129
Evaluate 51 + 4 + -6 + 2 + -